+ 463 = r*m. Calculate the greatest common factor of 19 and m.
19
Let d be 182/(-637) - (536/(-14))/1. Let x be 580/2 + (-1)/1. Suppose -4*b = -9*b + v + x, 102 = 2*b + 3*v. Calculate the greatest common divisor of b and d.
19
Suppose t + 2*h - 2 = -3*t, -2*h = 3*t. Suppose -2*v - 18 = -t*k, -4*v = -v - 4*k + 31. Let z = v - -25. Calculate the greatest common divisor of 4 and z.
4
Suppose -2*g = -5*i + 4*i + 4, 9 = 4*i - g. Suppose -3*f + 20 + 10 = 0. What is the highest common divisor of f and i?
2
Suppose 20*c - 10*c - 3120 = 0. What is the highest common divisor of c and 12?
12
Let i be 2/4 - 3/(-2). Suppose 0 = -4*o - 2*o + 210. Suppose 49 = i*d - u + 2*u, -4*u + o = d. Calculate the highest common divisor of 23 and d.
23
Let y = 112 + -57. Let b = 1345 - 1334. Calculate the highest common factor of b and y.
11
Suppose -5*n = -5*m - 30, 4*n + m - 4*m = 20. Suppose -56 = n*x - 6*x. Let h be (-35)/x*(-68)/10. What is the highest common divisor of 187 and h?
17
Let l(c) be the third derivative of 5*c**4/24 - 19*c**3/3 + 23*c**2. Let m be l(9). What is the greatest common divisor of 56 and m?
7
Suppose -4*t - m = -2648, 4*t = -4*m + 2379 + 257. What is the greatest common divisor of 102 and t?
51
Let x(y) = 5*y**2 - 5. Let g be x(4). Let q = -11 + 11. Suppose q = -c - 5*w + 20, -51 - 103 = -5*c + 2*w. What is the greatest common factor of c and g?
15
Suppose r + 372 = 7*r. What is the highest common factor of r and 217?
31
Let b(r) = -r**3 + 23*r**2 - 15*r - 26. Let i be b(9). Calculate the greatest common factor of 7 and i.
7
Let b(y) = -2*y**2 - 11*y - 10. Let o be b(-4). Let f = -4 - -4. Suppose -6 = -o*q - f. What is the greatest common divisor of q and 12?
3
Let p(l) = 5*l**2 - 8*l - 5. Let r be p(-5). Let s be r/(-6)*(-135)/12. Suppose -m = 3*m - s. What is the greatest common factor of 15 and m?
15
Let x(v) = 3*v**3 - 15*v**2 - 10*v - 3. Let h be x(7). Suppose -2*f - 13 = -3*f. Calculate the greatest common divisor of h and f.
13
Let c = -315 + 375. What is the highest common divisor of c and 20?
20
Suppose 46*u - 7415 = 3625. Calculate the highest common divisor of 320 and u.
80
Suppose 48060 = 76*l - 204260. Calculate the greatest common factor of 40 and l.
40
Let f be (-72)/(-2)*(-147)/(-49). Let c(s) = -s**3 + s**2 + s + 3. Let h be c(-3). What is the greatest common factor of f and h?
36
Suppose t = -4*t - 2*h + 20, 0 = 4*t - 3*h + 7. Let z be 2 - (-12 + 2)/(-2). Let d = 0 - z. Calculate the highest common factor of t and d.
1
Let l(q) = -2*q**2 + 26*q + 3. Let j be l(13). Let o be (-1)/((-3)/(-36)*j) + 5. Calculate the greatest common factor of 7 and o.
1
Let s(k) = 5*k - 4. Let q be s(3). Let d = q + -11. Suppose d = m + 3*m - 32. What is the highest common factor of 24 and m?
8
Let d be (-6)/(-3) - (-16 + -9). What is the highest common divisor of 63 and d?
9
Let m = -146 + 149. Suppose -m*y = 3*a - 231, -2*a = -3*y + y - 154. What is the greatest common factor of 7 and a?
7
Suppose 5 + 17 = 3*r + 2*h, 5*r + 2*h - 30 = 0. Suppose -r*n + 2*d + 23 = -11, -12 = 4*d. What is the greatest common factor of 1 and n?
1
Suppose 15 - 177 = -3*s. Calculate the greatest common factor of 18 and s.
18
Let c = 357 - 312. What is the greatest common divisor of c and 405?
45
Suppose -4*z - d = -57, -5*z + 3*d + 65 = -2*d. Calculate the greatest common factor of 2 and z.
2
Suppose 41*z - 707 - 277 = 0. What is the highest common divisor of 252 and z?
12
Let t be (-5 - -3 - -5)*1. Suppose -y = -4*y - t*s + 18, y - 14 = 3*s. Suppose 0 = -0*x + x - y. Calculate the greatest common factor of 20 and x.
4
Suppose -j + 29 = -v, -40 - 84 = -5*j - 2*v. Suppose 2*s - s = j. Calculate the highest common factor of 13 and s.
13
Let m(u) = -u**2 + 2*u + 191. Let o be m(0). Let n = o + 7. Calculate the greatest common factor of n and 22.
22
Let x be ((-72)/(-28))/((-4)/((-56)/3)). Calculate the greatest common factor of x and 564.
12
Let s be (-1 + 2)*3*6. Let k be 0 - (-3 + s*1). Let p = 57 + k. What is the greatest common factor of p and 14?
14
Let d = 113 + -113. Suppose d = 3*y, -9*i + 5*i + 52 = y. Calculate the greatest common factor of i and 208.
13
Let q be 135*(-2 + -1 + (-36)/(-10)). Let f be (-13)/1 - (-1 - 2). Let y be ((-18)/(-5))/((-4)/f). What is the highest common divisor of y and q?
9
Let l = 98 + -51. Let m = l + 52. Calculate the highest common divisor of m and 11.
11
Let r be -2 - (-204 + 2 - 4). Suppose 0 = 5*f - 3*g + g - r, 0 = g + 2. What is the highest common divisor of f and 280?
40
Let m be ((-10)/(-4))/(1/6). Let n = -4963 - -4973. Calculate the highest common factor of m and n.
5
Suppose 4*k - 61 = 5*q, 2*k = -6*q + 4*q + 26. Let d be (-3)/(-2)*(-84)/(-2). Let y = 133 - d. Calculate the highest common divisor of y and k.
14
Suppose -42 - 20 = -2*s. Suppose 26 = 2*a - 2*d, -5*a + 5*d = -2*a - s. Suppose 5*u - 17 = 4*u. Calculate the highest common factor of u and a.
17
Suppose 30*s - 12705 + 4065 = 0. What is the greatest common divisor of s and 9?
9
Let c(d) = d**2 - 9*d + 5. Let s be c(8). Let l be (-40)/s*(-3 - -6). Let v = l + -12. What is the highest common factor of v and 4?
4
Suppose 0*i - 3*i + 24 = 0. Suppose -2*d = -5*m + 54, 6 = m + 4*d - 6*d. Calculate the highest common divisor of i and m.
4
Suppose 2*a - 829 = -5*b - 24, 0 = -b - 5*a + 161. What is the greatest common factor of 7 and b?
7
Let i be -6 + 1 + 0 - -158. What is the highest common factor of 17 and i?
17
Suppose 0 = 13*u - 459 - 321. What is the highest common divisor of u and 30?
30
Let f be (-41)/((-861)/42) - (1 + -134). Suppose -5*j + 99 + 19 = 4*a, -a - 3*j = -33. What is the highest common factor of f and a?
27
Let u(m) = m**3 - 6*m**2 + 11*m - 4. Let k be u(4). Suppose k*y = 4*y + 400. Calculate the highest common divisor of 10 and y.
10
Suppose 3*o - 3 = 3. Suppose -o*f + 3*f = 4. Let w = -275 - -281. Calculate the highest common factor of f and w.
2
Let m = -8 - -112. Let h be (m - (-8)/2) + 4. Calculate the greatest common factor of h and 14.
14
Suppose l + 55 = 12*l. Suppose -2*s + l*g = 2*g - 24, s - 5*g - 26 = 0. What is the greatest common factor of 3 and s?
3
Suppose 5*u - i = 302, 0 = -4*u + 4*i + 31 + 217. Let a = 1774 + -1759. What is the highest common factor of a and u?
15
Suppose c + 1 + 0 = 0. Let n be 6*(c + (-16)/(-12)). Let r = 7 + -1. Calculate the greatest common divisor of r and n.
2
Let u = 700 + -670. Let c(a) = 2*a - 18. Let l be c(12). Calculate the highest common divisor of u and l.
6
Let i(y) = y**2 + 13*y - 46. Let f be i(-18). Let v be (-2)/(4/(-2)) + f + -23. What is the highest common divisor of 77 and v?
11
Let x be -3*(-1 + 2) + 5. What is the greatest common divisor of 2 and x?
2
Let m = 277 - 54. Suppose 3*u - 161 - m = 0. Calculate the greatest common divisor of u and 16.
16
Let q be ((-48)/(-7))/((-2)/(-14)). Let l = 11899 + -11863. Calculate the greatest common divisor of l and q.
12
Suppose 0 = -19*w + 3485 + 1816. What is the highest common divisor of 9 and w?
9
Suppose n - 1440 = -19*n. What is the highest common divisor of n and 96?
24
Let i(c) = -c**3 + 28*c**2 + 3*c + 69. Let l be i(28). What is the highest common factor of l and 255?
51
Suppose 5*c = 2*c + 27. Let v = 11 - c. Suppose 12 = v*s - s. What is the highest common divisor of 48 and s?
12
Let n be 0/(-4) - (-3 + 2 - -1). Suppose -m + 8 = k - 22, n = -4*k + 2*m + 138. Calculate the highest common factor of 22 and k.
11
Let w = 874 + -844. Calculate the highest common divisor of w and 96.
6
Let b = 1306 - 802. What is the greatest common factor of b and 112?
56
Let i be (-1872)/(-336) - (-6)/14. Let k(t) = -2*t**3 - 6*t**2 - 5*t - 4. Let o be k(-4). What is the greatest common divisor of i and o?
6
Let k = 10 - -17. Suppose 3*z = 0, -56*b + 54*b = z - 432. Calculate the highest common factor of k and b.
27
Let j be 392/15 - (-8)/(-60). What is the greatest common factor of j and 234?
26
Let a = 8 + 24. What is the greatest common divisor of a and 128?
32
Suppose 0 = -g + 4*u + 683, 15*g - 12*g = 2*u + 1999. Calculate the highest common factor of 51 and g.
51
Let o = 230 - 146. Suppose m - 2 = 2. Suppose -m*x - 2*l + 48 = 0, 4*l = 5*x - 55 - 5. What is the highest common factor of x and o?
12
Let w be -14*(-1 - 1/2). Let n = -3531 + 3566. Calculat